e c(i).
1
Suppose -4*p + 2*p = 0. Let u(c) be the third derivative of -1/6*c**3 + p*c + 0 - 1/6*c**4 + 1/120*c**6 - 2*c**2 - 1/15*c**5. Determine u(5).
4
Let u(q) = -q - 1. Let p(k) = k**3 + 3*k**2 - 8*k - 5. Let r(v) = -p(v) + 6*u(v). Let t be (-4 + 25/5)/((-1)/3). What is r(t)?
-7
Let v be ((-6)/2 - -1) + 4. Let f(p) = -2*p - 5 + v*p - 2*p + 4*p. Suppose c = 4*c - 12. Calculate f(c).
3
Let s(k) = k**3 - k**2 - 2. Suppose -w + 3*j = 4*j + 1, 3*w - 7 = 2*j. Let l = w + 1. Suppose 0 = 2*y + 2*x + l + 4, 4*y - 2*x - 6 = 0. Give s(y).
-2
Let b(d) = d**3 + 3*d**2 + 3*d + 2. Let n(z) = z**3 + 3*z**2 - 2. Let s be n(-3). What is b(s)?
0
Let s = 0 - -4. Suppose -2*b = g - 4, -g + 1 - 3 = -s*b. Let w(k) = -k**2 + 2. Determine w(g).
-2
Let l(k) = -k**3 + 2*k**2 + 2*k - 1. Let t be (-3)/(1/(-4)*-6). Determine l(t).
11
Suppose -2*f - 4 = -2*o + o, 0 = 3*f + 2*o + 13. Let i(u) = 5*u - 1 + 6 - 4*u. Let m be i(f). Let p(s) = s**3 - 3*s**2 + s + 2. Calculate p(m).
0
Let v(h) = h**3 + 7*h**2 + 4*h + 7. Let q(k) = -k**3 - 7*k**2 - 4*k - 7. Let m(t) = 3*q(t) + 4*v(t). Calculate m(-7).
-21
Let h(x) = 21*x**2 - 7. Let j(b) = -52*b**2 + 18. Let k(s) = 12*h(s) + 5*j(s). Let t(w) be the first derivative of k(w). What is t(-1)?
16
Let w(f) = f**2 - 2*f + 3. Let o be w(2). Let t(d) be the third derivative of d**6/120 - d**5/15 + d**4/6 - d**3/6 - 7*d**2. Give t(o).
2
Suppose 4*y + f = 1, -5*y - 3*f = -y - 3. Let k(b) = -b**2 + b + 5. What is k(y)?
5
Let w(a) = 0 - 22*a**3 - 7 + 5*a**2 + 21*a**3 + 8*a. Give w(6).
5
Suppose 0 = -0*q - 4*q + 36. Suppose 5*h - 16 = q. Let f(a) = -a**3 + 4*a**2 + 4*a + 3. Calculate f(h).
-2
Let g(z) = 11*z**2 + 1. Let t(q) = q**2. Let u be 4*15/40*4. Suppose -2*d + 10 + 4 = -4*l, d - 5*l = 19. Let k(j) = d*g(j) + u*t(j). Calculate k(1).
-6
Let m(u) be the third derivative of u**5/60 - 5*u**4/24 - 5*u**3/6 - 4*u**2 - 7. Give m(5).
-5
Let v(l) = 4*l - l**3 + 2 - 38*l**2 - 31*l**2 + 68*l**2. Determine v(-3).
8
Suppose 3*y = -6 + 102. Let i be y/16 + (-5)/1. Let s(r) = 0 + r**2 + 2*r**3 - r**3 - 3 - 4*r. Calculate s(i).
-9
Let c(b) be the third derivative of b**7/5040 - b**6/180 + b**5/20 - 2*b**2. Let k(y) be the third derivative of c(y). Determine k(4).
0
Let h(u) = 6*u**2 + 0*u**2 + 2*u**2 - 4*u - u**3 - 3*u - 3. Suppose 3*j = 2*j + 7. What is h(j)?
-3
Let p = 38 - 33. Let o(y) = -7*y + 18. Let j(g) = -6*g + 17. Let b(t) = -2*t + 7. Let v be b(6). Let x(i) = v*o(i) + 6*j(i). What is x(p)?
7
Let n(p) = -p - 5. Let w(c) = c + 4. Let j(z) = -4*n(z) - 5*w(z). Let d(l) = l - 1. Let k be d(2). Suppose -i - k - 4 = 0. Calculate j(i).
5
Let r be (6/(-10))/(6/30). Let h(b) = -b**3 - b**2 - 2. Give h(r).
16
Let f(g) = -g**2 - 6*g - 1. Let x(w) = -3*w**2 - 11*w - 1. Let n(h) = -5*f(h) + 3*x(h). Let o(t) = 11*t**2 + 9*t - 5. Let v(u) = 8*n(u) + 3*o(u). Give v(-4).
5
Let v(h) = -h - 1. Suppose -2*a - a - 15 = 0. Let k(s) be the third derivative of -s**4/4 - 4*s**3/3 - s**2. Let y(w) = a*v(w) + k(w). Give y(-4).
1
Let u(x) = 8*x + 2. Let t(l) = l - 1. Let h(w) = -5*t(w) + u(w). Calculate h(-5).
-8
Let i(c) = c - 15. Let n be i(17). Let m(r) = r**3 - 2*r + r - 2*r**3 - r**n + 3*r**2 - 4. What is m(3)?
-16
Let t(z) be the third derivative of -z**4/24 - 7*z**3/3 + 25*z**2. What is t(-8)?
-6
Let k(x) = x - 2. Let v be k(0). Let n(h) = h + 1. Determine n(v).
-1
Let d(x) = x**3 - 5*x - 2. Let n be d(-3). Let a = n + -3. Let p(r) = 9*r + 20. Let b(t) = -3*t - 7. Let q(m) = a*b(m) - 6*p(m). Determine q(-2).
5
Let g(s) = s**3 - 9*s**2 + 9*s - 6. Let f(u) = -u**3 + 11*u**2 - 8*u - 12. Let b be f(10). Give g(b).
2
Let a(y) = -y**2 - 14*y - 51. Let z be a(-7). Let k(t) = t**2 - t + 2. Determine k(z).
8
Let u be 154/28 + 6/(-4). Let m(d) = -d**2 + 5*d + 2. Determine m(u).
6
Let h(v) be the second derivative of -v**4/3 + v**3/6 + v**2/2 - v. Let o(t) = -t**2 + 4*t - 4. Let f be o(3). Determine h(f).
-4
Let y(p) = -p - 1. Let v = -4 - -3. Determine y(v).
0
Let w(l) = l**3 + 6*l**2 + 3*l - 7. Suppose 3 = -v + m, -v - 3*m - 7 = -2*m. What is w(v)?
3
Let c(k) = -7*k**2 + 13*k + 3. Let h(d) = -3*d**2 + 6*d + 2. Let w(r) = -2*c(r) + 5*h(r). Give w(5).
-1
Let i(f) = -f - 7. Let l = 13 - -2. Let b = 11 - l. Determine i(b).
-3
Let p(u) be the third derivative of u**5/120 + u**4/24 - u**3/6 + 2*u**2. Let t(i) be the first derivative of p(i). Determine t(-3).
-2
Let g be 2/(-3 - -5)*3. Suppose 0 = -g*t + 4*t - 4. Let u(w) = -9 + 10*w - w**2 - 3*w + 4. What is u(t)?
7
Let j be ((-44)/8 - -3)*(3 + -1). Let d(s) = -s**2 - 2*s. Determine d(j).
-15
Let h(w) be the third derivative of -w**6/120 - w**5/15 + 3*w**4/8 + w**3/6 - 2*w**2. Determine h(-6).
19
Let t(k) = k**2 + 6*k + 7. Let y be t(-5). Let z = 25 + -22. Let c(l) = l - z + 6*l - l. What is c(y)?
9
Let q(n) = -n**3 - 7*n**2 - 3*n - 3. Let m = 67 + -62. Let u(a) = 2*a**2 + 0*a**2 - a**2. Let j(x) = m*u(x) + q(x). Give j(-2).
3
Let n(w) be the third derivative of w**6/120 - w**5/12 + w**4/6 - w**3 + w**2. Suppose -d - d - 4*y = -10, 0 = 5*d + y + 20. Let b = d + 9. Give n(b).
-6
Let n(z) be the second derivative of -1/6*z**3 - 4*z + 0 - z**2. Let d be (-1 + -4*1)/(-1). What is n(d)?
-7
Let m = -3 - -5. Let x(p) = 2 + p + 0*p + m*p + p. Calculate x(-2).
-6
Let o(f) be the first derivative of -f**4/12 - 2*f**3/3 + 9*f**2/2 - 8. Let h(z) be the second derivative of o(z). What is h(-3)?
2
Let x(q) = -q**3 + 5*q**2 + 5*q - 6. Let z(w) = -w + 3. Let g be z(-3). Determine x(g).
-12
Let p(a) = a**3 + 3*a**2 + 5*a - 3. Let j(v) = 4*v**3 + 11*v**2 + 21*v - 12. Let b(o) = -2*j(o) + 9*p(o). Let k be (-1)/(-4) - (234/(-8))/(-9). Determine b(k).
6
Suppose 2*v - 10 + 2 = 0. Suppose 4*f - 3*s + 7*s = -v, -4*f = -3*s + 18. Let n(y) = y**3 + 2*y**2 - 3*y + 3. Calculate n(f).
3
Suppose 0*d = -5*d + 30. Let l(g) = -g**2 - 3 + 7 + 6*g - 3. Calculate l(d).
1
Let f(u) be the first derivative of 1/4*u**4 + 1 + u + 4/3*u**3 - 3*u**2. Give f(-5).
6
Let w(d) = -2*d**2 - 5*d - 4. Let k(c) be the third derivative of -c**4/12 - c**3/6 + c**2. Let g be k(-4). Let p be g/(-2) + 3/6. What is w(p)?
-7
Suppose -4*c - n = -5*n - 20, 5*n - 11 = -4*c. Let y be (14/(-8))/((-1)/(-4)). Let r = y + c. Let m(d) = d**2 + 4*d. Calculate m(r).
-3
Suppose -d - 6*g + g - 14 = 0, -4*d = -3*g - 13. Let z(p) = -p**2 - p + 1. Give z(d).
-1
Suppose 0*y - 2*y = -4. Let f(j) = 8 - 4*j**2 + j**2 - j**3 + y - 4 + 7*j. Give f(-4).
-6
Let d(n) = -n**3 + 8*n**2 + 9*n + 2. Let x be d(9). Let u(q) = -4*q + 8 - 3 - 1 + 2*q**x. Give u(3).
10
Let o be (-6)/2*8/(-6). Let g be (-1 + -2)*6/(-9). Let d(b) = -2*b**g + o*b**2 - 3*b**2. Determine d(2).
-4
Let t(f) = f**3 - f**2 - f + 1. Let p(j) = 5*j**3 - 6*j**2 - 5*j + 11. Let w(d) = p(d) - 6*t(d). Calculate w(0).
5
Let v(x) be the third derivative of -x**4/4 + 3*x**3/2 - 3*x**2. Let m(p) = 5*p - 8. Let h(r) = 5*m(r) + 4*v(r). Let a be 6/9 - (-22)/(-6). Give h(a).
-7
Let r(z) = z. Let o(d) = d**3 - 11*d**2 + 10*d + 5. Let i be o(10). Suppose i*v + 0*v - 15 = 0. Suppose 3*m - 21 = 5*y, -v*m - 3 = 3*y - 0*m. Calculate r(y).
-3
Let a = -2 + 7. Let o be ((-4)/5)/(1/a). Let j(y) = -y**2 - 4*y - 1. Give j(o).
-1
Let v(y) = -y**2 - y - 1. Let t(g) = 11*g**2 + 9*g + 9. Let h(q) = -t(q) - 6*v(q). Give h(-2).
-17
Let u be ((-2)/2 + 0)*-3. Let k(c) be the third derivative of -c**4/8 + c**3/3 - 17*c**2. Give k(u).
-7
Let i = -25 + 16. Let b(o) = -o - 4. Determine b(i).
5
Let g(h) = -11 - 7*h - 5 + 2*h**2 + 22. Let t(o) = -3*o**2 + 13*o - 12. Let l(z) = 5*g(z) + 3*t(z). What is l(-6)?
6
Let i(d) = -d + 2. Let v be -3 - -4*1/(-4). Let k be (-2 - 6/v)*6. Give i(k).
5
Let n(d) = -d**3 + 5*d**2 + 8*d - 9. Suppose 2*p = -3*p. Suppose q = -p*q + 6. Give n(q).
3
Let a(g) be the first derivative of -3/2*g**2 - 2 - 4/3*g**3 - 1/4*g**4 - 2*g. Determine a(-3).
-2
Let g(b) = 9 - 3 + 3*b - b - 3*b. Determine g(7).
-1
Let w(o) be the first derivative of o**4/4 - 2*o**3 - 3*o**2 - 5*o + 2. Give w(7).
2
Let u(x) = 2*x**2 - 5*x + 8 + x**3 - 2 - 8. What is u(-3)?
4
Let p(a) = a - 3. Let h(x) = 2*x - 5. Let u(v) = 3*h(v) - 5*p(v). Let s(d) = 3*d + 5. Let l(k) = s(k) - 4*u(k). What is l(0)?
5
Let d(u) = -u**3 + 2*u**2 - u. Let z(b) = -b**2 - 5*b + 9. Let c be z(-6). Determine d(c).
-12
Let s(q) = -q**3 + 7*q**2 - 6*q - 5. Suppose 0 = 5*v + 2*z - 12 - 11, -3*z = -3*v - 3. Sup